{"id":6,"date":"2017-07-07T11:51:50","date_gmt":"2017-07-07T11:51:50","guid":{"rendered":"http:\/\/bravuracapital.cl\/?page_id=6"},"modified":"2017-07-20T05:24:51","modified_gmt":"2017-07-20T05:24:51","slug":"nuestros-servicios","status":"publish","type":"page","link":"https:\/\/bravuracapital.cl\/index.php\/nuestros-servicios\/","title":{"rendered":"Nuestros servicios"},"content":{"rendered":"<h2 class=\"p1\"><b>Divisi\u00f3n Inversiones <\/b><\/h2>\n<p class=\"p1\">Presta servicios de <strong>asesor\u00eda en inversiones<\/strong>, tanto a nivel personal, como familiar y a empresas, para lo cual eval\u00faa permanentemente las condiciones de mercado y estudia los distintos instrumentos existentes.<\/p>\n<p class=\"p3\"><strong>Intermediaci\u00f3n financiera<\/strong> con distintas instituciones, es decir, busca las <strong>inversiones<\/strong> que mejor se adaptan al perfil de riesgo y preferencias del cliente, entre las distintas instituciones.<\/p>\n<p class=\"p3\"><strong>Gesti\u00f3n administrativa<\/strong> del manejo de las <strong>inversiones<\/strong> en las distintas instituciones financieras, efectuando su <strong>seguimiento<\/strong> constante, proponiendo las correspondientes reinversiones y realizando las acciones administrativas de estos cambios.<\/p>\n<p class=\"p3\">Consolidaci\u00f3n de la informaci\u00f3n de las distintas <strong>inversiones<\/strong> en las distintas instituciones financieras.<\/p>\n<p class=\"p1\">Visi\u00f3n global del <strong>mercado financiero<\/strong>, permitiendo independencia en la recomendaci\u00f3n de los distintos instrumentos.<\/p>\n<p class=\"p1\">B\u00fasqueda de instrumentos afectos a distintas <strong>ventajas tributarias<\/strong> que mejor se adapten a los requerimientos del cliente, definidos por su asesor tributario.<\/p>\n<p>&nbsp;<\/p>\n<h2 class=\"p1\"><span class=\"s1\"><b>Divisi\u00f3n Seguros y Rentas Privadas<\/b><\/span><\/h2>\n","protected":false},"excerpt":{"rendered":"<p>Divisi\u00f3n Inversiones Presta servicios de asesor\u00eda en inversiones, tanto a nivel personal, como familiar y a empresas, para lo cual eval\u00faa permanentemente las condiciones de mercado y estudia los distintos instrumentos existentes. Intermediaci\u00f3n financiera con distintas instituciones, es decir, busca las inversiones que mejor se adaptan al perfil de riesgo y preferencias del cliente, entre &hellip; <\/p>\n<p class=\"link-more\"><a href=\"https:\/\/bravuracapital.cl\/index.php\/nuestros-servicios\/\" class=\"more-link\">Continue reading<span class=\"screen-reader-text\"> &#8220;Nuestros servicios&#8221;<\/span><\/a><\/p>\n","protected":false},"author":1,"featured_media":0,"parent":0,"menu_order":0,"comment_status":"closed","ping_status":"closed","template":"","meta":{"_monsterinsights_skip_tracking":false,"_monsterinsights_sitenote_active":false,"_monsterinsights_sitenote_note":"","_monsterinsights_sitenote_category":0},"_links":{"self":[{"href":"https:\/\/bravuracapital.cl\/index.php\/wp-json\/wp\/v2\/pages\/6"}],"collection":[{"href":"https:\/\/bravuracapital.cl\/index.php\/wp-json\/wp\/v2\/pages"}],"about":[{"href":"https:\/\/bravuracapital.cl\/index.php\/wp-json\/wp\/v2\/types\/page"}],"author":[{"embeddable":true,"href":"https:\/\/bravuracapital.cl\/index.php\/wp-json\/wp\/v2\/users\/1"}],"replies":[{"embeddable":true,"href":"https:\/\/bravuracapital.cl\/index.php\/wp-json\/wp\/v2\/comments?post=6"}],"version-history":[{"count":3,"href":"https:\/\/bravuracapital.cl\/index.php\/wp-json\/wp\/v2\/pages\/6\/revisions"}],"predecessor-version":[{"id":31,"href":"https:\/\/bravuracapital.cl\/index.php\/wp-json\/wp\/v2\/pages\/6\/revisions\/31"}],"wp:attachment":[{"href":"https:\/\/bravuracapital.cl\/index.php\/wp-json\/wp\/v2\/media?parent=6"}],"curies":[{"name":"wp","href":"https:\/\/api.w.org\/{rel}","templated":true}]}}